{"id":936,"date":"2017-10-13T09:39:43","date_gmt":"2017-10-13T07:39:43","guid":{"rendered":"http:\/\/katfin.ue.wroc.pl\/?page_id=936"},"modified":"2018-04-04T13:40:13","modified_gmt":"2018-04-04T11:40:13","slug":"czasopismo-nauki-o-finansach","status":"publish","type":"page","link":"https:\/\/katfin.ue.wroc.pl\/index.php\/nauka\/czasopisma-naukowe\/czasopismo-nauki-o-finansach\/","title":{"rendered":"Czasopismo &#8222;Nauki o Finansach&#8221;"},"content":{"rendered":"<p>Czasopismo \u201eNauki o Finansach\u201d pojawia si\u0119 kwartalnie od 1995r.\u00a0\u00a0 Do 2008 r. ukazywa\u0142o si\u0119 jako Prace Naukowe Akademii Ekonomicznej pod tytu\u0142em \u201eFinanse, Bankowo\u015b\u0107, Rachunkowo\u015b\u0107\u201d.<\/p>\n<p>Obecnie redaktorem naczelnym jest <a href=\"http:\/\/katfin.ue.wroc.pl\/index.php\/pracownicy\/dr-hab-jacek-uchman-prof-ue\/\">dr hab. Jacek Uchman, prof. UE<\/a>, a sekretarzem <a href=\"http:\/\/katfin.ue.wroc.pl\/index.php\/pracownicy\/dr-ilona-falat-kilijanska\/\">dr Ilona Fa\u0142at Kilija\u0144ska<\/a>.\u00a0W Komitecie Redakcyjnym jest r\u00f3wnie\u017c <a href=\"http:\/\/katfin.ue.wroc.pl\/index.php\/pracownicy\/prof-dr-hab-jacek-karwowski\/\">prof. Jacek Karowowski<\/a>.<\/p>\n<p>Strona Czasopisma:<\/p>\n<p><a href=\"http:\/\/finanse.ue.wroc.pl\/?lang=pl\">http:\/\/finanse.ue.wroc.pl\/?lang=pl<\/a><\/p>\n<p>Zach\u0119camy do lektury!<\/p>\n","protected":false},"excerpt":{"rendered":"<p>Czasopismo \u201eNauki o Finansach\u201d pojawia si\u0119 kwartalnie od 1995r.\u00a0\u00a0 Do 2008 r. ukazywa\u0142o si\u0119 jako Prace Naukowe Akademii Ekonomicznej pod tytu\u0142em \u201eFinanse, Bankowo\u015b\u0107, Rachunkowo\u015b\u0107\u201d. Obecnie redaktorem naczelnym jest dr hab. Jacek Uchman, prof. UE, a sekretarzem dr Ilona Fa\u0142at Kilija\u0144ska.\u00a0W Komitecie Redakcyjnym jest r\u00f3wnie\u017c prof. Jacek Karowowski. Strona Czasopisma: http:\/\/finanse.ue.wroc.pl\/?lang=pl Zach\u0119camy do lektury!<\/p>\n","protected":false},"author":1,"featured_media":0,"parent":1318,"menu_order":0,"comment_status":"closed","ping_status":"closed","template":"","meta":{"footnotes":""},"class_list":["post-936","page","type-page","status-publish","hentry"],"_links":{"self":[{"href":"https:\/\/katfin.ue.wroc.pl\/index.php\/wp-json\/wp\/v2\/pages\/936","targetHints":{"allow":["GET"]}}],"collection":[{"href":"https:\/\/katfin.ue.wroc.pl\/index.php\/wp-json\/wp\/v2\/pages"}],"about":[{"href":"https:\/\/katfin.ue.wroc.pl\/index.php\/wp-json\/wp\/v2\/types\/page"}],"author":[{"embeddable":true,"href":"https:\/\/katfin.ue.wroc.pl\/index.php\/wp-json\/wp\/v2\/users\/1"}],"replies":[{"embeddable":true,"href":"https:\/\/katfin.ue.wroc.pl\/index.php\/wp-json\/wp\/v2\/comments?post=936"}],"version-history":[{"count":1,"href":"https:\/\/katfin.ue.wroc.pl\/index.php\/wp-json\/wp\/v2\/pages\/936\/revisions"}],"predecessor-version":[{"id":937,"href":"https:\/\/katfin.ue.wroc.pl\/index.php\/wp-json\/wp\/v2\/pages\/936\/revisions\/937"}],"up":[{"embeddable":true,"href":"https:\/\/katfin.ue.wroc.pl\/index.php\/wp-json\/wp\/v2\/pages\/1318"}],"wp:attachment":[{"href":"https:\/\/katfin.ue.wroc.pl\/index.php\/wp-json\/wp\/v2\/media?parent=936"}],"curies":[{"name":"wp","href":"https:\/\/api.w.org\/{rel}","templated":true}]}}