{"id":305,"date":"2016-02-19T21:35:14","date_gmt":"2016-02-19T20:35:14","guid":{"rendered":"http:\/\/katfin.ue.wroc.pl\/?page_id=305"},"modified":"2016-02-26T20:30:35","modified_gmt":"2016-02-26T19:30:35","slug":"dr-katarzyna-smolny","status":"publish","type":"page","link":"https:\/\/katfin.ue.wroc.pl\/index.php\/pracownicy\/dr-katarzyna-smolny\/","title":{"rendered":"dr Katarzyna Smolny"},"content":{"rendered":"<p><strong>Informacje o konsultacjach:<\/strong><a href=\"http:\/\/www.ue.wroc.pl\/pracownicy\/katarzyna_smolny.html\">link<\/a><\/p>\n<p><strong>Zainteresowania badawcze:<\/strong><\/p>\n<ul>\n<li>finanse publiczne<\/li>\n<li>finanse samorz\u0105du terytorialnego<\/li>\n<li>polityka fiskalna<\/li>\n<li>bankowo\u015b\u0107<\/li>\n<li>bank centralny<\/li>\n<li>nadz\u00f3r bankowy<\/li>\n<li>Public finances<\/li>\n<li>Finance local government<\/li>\n<li>Fiscal policy<\/li>\n<li>Banking<\/li>\n<li>Central bank<\/li>\n<li>Banking supervision<\/li>\n<\/ul>\n<p><strong>Obszary dydaktyki, szkoleniowe i doradcze:<\/strong><\/p>\n<ul>\n<li>finanse publiczne<\/li>\n<li>finanse samorz\u0105du terytorialnego<\/li>\n<li>bankowo\u015b\u0107<\/li>\n<li>polityka bud\u017cetowa Unii Europejskiej<\/li>\n<li>fundusze strukturalne<\/li>\n<li>prawo finansowe<\/li>\n<li>zam\u00f3wienia publiczne<\/li>\n<li>dyscyplina finans\u00f3w publicznych<\/li>\n<\/ul>\n<p><strong>Dorobek\u00a0naukowy:<\/strong><br \/>\n<a href=\"http:\/\/nauka-polska.pl\/dhtml\/raporty\/ludzieNauki?rtype=opis&amp;objectId=136401&amp;lang=pl \">Nauka Polska &#8211; baza<br \/>\n<\/a><a href=\"http:\/\/wir.bg.ue.wroc.pl\/globalResultList.seam?lang=en&amp;cid=7903 \">Baza UE<\/a><\/p>\n<p><strong>Artyku\u0142y naukowe:<\/strong><\/p>\n<ul>\n<li>Smolny Katarzyna: Przew\u0142aszczenie jako zabezpieczenie wierzytelno\u015bci bankowych, in: Finanse, Rynki Finansowe, Ubezpieczenia, Uniwersytet Szczeci\u0144ski, no. 74, 2015, pp. 555-563, DOI:10.18276\/frfu.2015.74\/1-48, <a href=\"http:\/\/wneiz.pl\/nauka_wneiz\/frfu\/74-2015\/FRFU-74-t1-555.pdf\" target=\"_blank\">link<\/a><\/li>\n<li>Smolny Katarzyna: Deficyt bud\u017cetowy i d\u0142ug publiczny a polityka fiskalna w warunkach globalizacji, in: Polityka fiskalna w warunkach globalizacji \/ Patrza\u0142ek Leszek (eds.), 2015, Wydawnictwo Uniwersytetu Ekonomicznego we Wroc\u0142awiu, ISBN 978-83-7695-514-8, s. 137-168<\/li>\n<li>Smolny Katarzyna: Kluczowa rola pa\u0144stwa na rynku finansowym na przyk\u0142adzie bon\u00f3w skarbowych, in: Finanse, Rynki Finansowe, Ubezpieczenia, Uniwersytet Szczeci\u0144ski, no. 67, 2014, s. 657-665<\/li>\n<li>Smolny Katarzyna, Ga\u0142ecka Ma\u0142gorzata: Zasady bud\u017cetowe w \u015bwietle zagadnienia planowania wieloletniego, in: Zarz\u0105dzanie finansami publicznymi. Planowanie wieloletnie. Efektywno\u015b\u0107 zada\u0144 publicznych. Benchmarking \/ Franek S\u0142awomir, B\u0119dzieszak Marcin (eds.), 2014, Difin, ISBN 978-83-7930-475-2, pp. 171-185<\/li>\n<li>2011, Katarzyna Smolny, Program Operacyjny Rozw\u00f3j Polski Wschodniej w \u015awietle polityki regionalnej Unii Europejskiej, Roczniki Naukowe Wy\u017cszej Szko\u0142y Bankowej w Toruniu nr 10, Toru\u0144 2011, str. 155<\/li>\n<li>2011, \u201eRyzyko destabilizacji finans\u00f3w publicznych poprzez niewyp\u0142acalno\u015b\u0107 bank\u00f3w Polsce\u201d, Prace i materia\u0142y Wydzia\u0142u Zarz\u0105dzania Uniwersytetu Gda\u0144skiego, Gda\u0144sk, str. 123<\/li>\n<li>2006, Katarzyna Smolny, Banki jako partnerzy jednostek samorz\u0105du terytorialnego w procesie absorpcji funduszy strukturalnych Unii Europejskiej, Zeszyty Naukowe Uniwersytetu Szczeci\u0144skiego<\/li>\n<li>2005, Katarzyna Smolny, Wp\u0142yw polityki regionalnej na ewolucj\u0119 bud\u017cetu Unii Europejskiej, Prace Naukowe Akademii Ekonomicznej we Wroc\u0142awiu<\/li>\n<\/ul>\n","protected":false},"excerpt":{"rendered":"<p>Informacje o konsultacjach:link Zainteresowania badawcze: finanse publiczne finanse samorz\u0105du terytorialnego polityka fiskalna bankowo\u015b\u0107 bank centralny nadz\u00f3r bankowy Public finances Finance local government Fiscal policy Banking Central bank Banking supervision Obszary dydaktyki, szkoleniowe i doradcze: finanse publiczne finanse samorz\u0105du terytorialnego bankowo\u015b\u0107 polityka bud\u017cetowa Unii Europejskiej fundusze strukturalne prawo finansowe zam\u00f3wienia publiczne dyscyplina finans\u00f3w publicznych Dorobek\u00a0naukowy: Nauka [&hellip;]<\/p>\n","protected":false},"author":1,"featured_media":0,"parent":12,"menu_order":21,"comment_status":"closed","ping_status":"closed","template":"","meta":{"footnotes":""},"class_list":["post-305","page","type-page","status-publish","hentry"],"_links":{"self":[{"href":"https:\/\/katfin.ue.wroc.pl\/index.php\/wp-json\/wp\/v2\/pages\/305","targetHints":{"allow":["GET"]}}],"collection":[{"href":"https:\/\/katfin.ue.wroc.pl\/index.php\/wp-json\/wp\/v2\/pages"}],"about":[{"href":"https:\/\/katfin.ue.wroc.pl\/index.php\/wp-json\/wp\/v2\/types\/page"}],"author":[{"embeddable":true,"href":"https:\/\/katfin.ue.wroc.pl\/index.php\/wp-json\/wp\/v2\/users\/1"}],"replies":[{"embeddable":true,"href":"https:\/\/katfin.ue.wroc.pl\/index.php\/wp-json\/wp\/v2\/comments?post=305"}],"version-history":[{"count":3,"href":"https:\/\/katfin.ue.wroc.pl\/index.php\/wp-json\/wp\/v2\/pages\/305\/revisions"}],"predecessor-version":[{"id":308,"href":"https:\/\/katfin.ue.wroc.pl\/index.php\/wp-json\/wp\/v2\/pages\/305\/revisions\/308"}],"up":[{"embeddable":true,"href":"https:\/\/katfin.ue.wroc.pl\/index.php\/wp-json\/wp\/v2\/pages\/12"}],"wp:attachment":[{"href":"https:\/\/katfin.ue.wroc.pl\/index.php\/wp-json\/wp\/v2\/media?parent=305"}],"curies":[{"name":"wp","href":"https:\/\/api.w.org\/{rel}","templated":true}]}}