{"id":2198,"date":"2023-06-15T10:59:10","date_gmt":"2023-06-15T08:59:10","guid":{"rendered":"http:\/\/katfin.ue.wroc.pl\/?page_id=2198"},"modified":"2025-12-04T20:47:12","modified_gmt":"2025-12-04T19:47:12","slug":"seminaria-naukowe","status":"publish","type":"page","link":"https:\/\/katfin.ue.wroc.pl\/index.php\/seminaria-naukowe\/","title":{"rendered":"Seminaria naukowe"},"content":{"rendered":"\n<p class=\"has-luminous-vivid-amber-background-color has-background\"><strong>Grudzie\u0144 2023<\/strong><\/p>\n\n\n\n<p><\/p>\n\n\n\n<p><strong>Go\u015b\u0107:<\/strong> mgr <strong>Katarzyna Daniluk<\/strong>, Uniwersytet \u0141\u00f3dzki, Wydzia\u0142 Ekonomiczno-Socjologiczny, Katedra Finans\u00f3w i Inwestycji Mi\u0119dzynarodowych<\/p>\n\n\n\n<p><a href=\"https:\/\/www.uni.lodz.pl\/pracownicy\/katarzyna-daniluk\">https:\/\/www.uni.lodz.pl\/pracownicy\/katarzyna-daniluk<\/a><\/p>\n\n\n\n<p>Temat: <strong>ESG Investing and Passive Fund Management<\/strong>. <strong>Tracking Ability of Passive ESG Equity Exchange-Traded Funds<\/strong><\/p>\n\n\n\n<p>Termin: 1.12.2023<\/p>\n\n\n\n<p>Forma: hybrydowa<\/p>\n\n\n\n<p class=\"has-luminous-vivid-amber-background-color has-background\"><strong>Maj 2024<\/strong><\/p>\n\n\n\n<p><\/p>\n\n\n\n<p><strong>Go\u015b\u0107:<\/strong> dr hab. <strong>Miros\u0142aw Be\u0142ej<\/strong>, prof. UWM, Uniwersytet Warmi\u0144sko &#8211; Mazurski, Instytut Gospodarki Przestrzennej i Geografii, Wydzia\u0142 Geoin\u017cynierii, Katedra Analiz Przestrzennych i Rynku Nieruchomo\u015bci<\/p>\n\n\n\n<p><a href=\"https:\/\/uwm.edu.pl\/igpig\/kapirn\/miroslaw-belej\">https:\/\/uwm.edu.pl\/igpig\/kapirn\/miroslaw-belej<\/a><\/p>\n\n\n\n<p>Temat: <strong>Czy obserwacja zachowa\u0144 spo\u0142ecze\u0144stwa w Internecie pozwala zrozumie\u0107 dynamik\u0119 rynku mieszkaniowego?<\/strong><\/p>\n\n\n\n<p><\/p>\n\n\n\n<p>Termin: 17.05.2024<\/p>\n\n\n\n<p>Forma: hybrydowa<\/p>\n\n\n\n<p class=\"has-luminous-vivid-amber-background-color has-background\"><strong>Grudzie\u0144 2025<\/strong><\/p>\n\n\n\n<p>Szanowni Pa\u0144stwo,<br \/>Mamy przyjemno\u015b\u0107 zaprosi\u0107 Pa\u0144stwa na&nbsp;<strong>mi\u0119dzynarodowe seminarium naukowe<\/strong>&nbsp;po\u015bwi\u0119cone&nbsp;<strong>zr\u00f3wnowa\u017conemu rozwojowi<\/strong>, kt\u00f3rego organizatork\u0105 jest&nbsp;<strong>dr in\u017c. Dominika Hadro, prof. UEW<\/strong>. Seminarium odb\u0119dzie si\u0119&nbsp;<strong>9 grudnia<\/strong>&nbsp;w godzinach&nbsp;<strong>14:00\u201315:30<\/strong>&nbsp;(CET) na platformie Microsoft Teams.<\/p>\n\n\n\n<p>Seminarium to stanowi inauguracj\u0119 nowej serii spotka\u0144 po\u015bwi\u0119conych&nbsp;<strong>rozwojowi bada\u0144 i praktyk w zakresie zr\u00f3wnowa\u017conego rozwoju<\/strong>. Inicjatywa ta jest cz\u0119\u015bci\u0105 globalnej spo\u0142eczno\u015bci Responsible Research in Business and Management (RRBM), kt\u00f3rej celem jest promowanie odpowiedzialnych bada\u0144 naukowych zajmuj\u0105cych si\u0119 wyzwaniami spo\u0142ecznymi i wspieraj\u0105cych zr\u00f3wnowa\u017cony post\u0119p.<\/p>\n\n\n\n<p>Seminarium odb\u0119dzie si\u0119 w j\u0119zyku angielskim.<\/p>\n\n\n\n<p><strong>Seminar<\/strong>&nbsp;<strong>programme:<\/strong><\/p>\n\n\n\n<ul class=\"wp-block-list\">\n<li><em>Transforming Sustainability Research into Policy Action<\/em>. Subhash Abhayawansa, Swinburne University of Technology, Australia<\/li>\n\n\n\n<li><em>Australia Third Party Decertification<\/em>: A Relational Signaling Approach, Maria Jose (Majo) Murcia IAE Business School, Austral University, Argentina<\/li>\n\n\n\n<li><em>Addressing Symbolic Versus Substantive Disclosures Under CSRD\/ESRS E5 in the Circular Economy Disclosure of the Automotive Industry<\/em>, Davide Calandra, University of Turin, Italy and Dominika Hadro, Wroclaw University of Economics and Business, Poland<\/li>\n<\/ul>\n\n\n\n<p><strong>Kontakt:<\/strong>&nbsp;dominika.hadro@ue.wroc.pl<\/p>\n\n\n\n<figure class=\"wp-block-image\"><img loading=\"lazy\" decoding=\"async\" width=\"1131\" height=\"1600\" src=\"http:\/\/katfin.ue.wroc.pl\/wp-content\/uploads\/2025\/12\/prelegenci.png\" alt=\"\" class=\"wp-image-2476\" srcset=\"https:\/\/katfin.ue.wroc.pl\/wp-content\/uploads\/2025\/12\/prelegenci.png 1131w, https:\/\/katfin.ue.wroc.pl\/wp-content\/uploads\/2025\/12\/prelegenci-212x300.png 212w, https:\/\/katfin.ue.wroc.pl\/wp-content\/uploads\/2025\/12\/prelegenci-724x1024.png 724w, https:\/\/katfin.ue.wroc.pl\/wp-content\/uploads\/2025\/12\/prelegenci-768x1086.png 768w, https:\/\/katfin.ue.wroc.pl\/wp-content\/uploads\/2025\/12\/prelegenci-1086x1536.png 1086w\" sizes=\"auto, (max-width: 1131px) 100vw, 1131px\" \/><\/figure>\n\n\n\n<figure class=\"wp-block-image\"><img loading=\"lazy\" decoding=\"async\" width=\"1584\" height=\"1524\" src=\"http:\/\/katfin.ue.wroc.pl\/wp-content\/uploads\/2025\/12\/program.png\" alt=\"\" class=\"wp-image-2475\" srcset=\"https:\/\/katfin.ue.wroc.pl\/wp-content\/uploads\/2025\/12\/program.png 1584w, https:\/\/katfin.ue.wroc.pl\/wp-content\/uploads\/2025\/12\/program-300x289.png 300w, https:\/\/katfin.ue.wroc.pl\/wp-content\/uploads\/2025\/12\/program-1024x985.png 1024w, https:\/\/katfin.ue.wroc.pl\/wp-content\/uploads\/2025\/12\/program-768x739.png 768w, https:\/\/katfin.ue.wroc.pl\/wp-content\/uploads\/2025\/12\/program-1536x1478.png 1536w\" sizes=\"auto, (max-width: 1584px) 100vw, 1584px\" \/><\/figure>\n","protected":false},"excerpt":{"rendered":"<p>Grudzie\u0144 2023 Go\u015b\u0107: mgr Katarzyna Daniluk, Uniwersytet \u0141\u00f3dzki, Wydzia\u0142 Ekonomiczno-Socjologiczny, Katedra Finans\u00f3w i Inwestycji Mi\u0119dzynarodowych https:\/\/www.uni.lodz.pl\/pracownicy\/katarzyna-daniluk Temat: ESG Investing and Passive Fund Management. Tracking Ability of Passive ESG Equity Exchange-Traded Funds Termin: 1.12.2023 Forma: hybrydowa Maj 2024 Go\u015b\u0107: dr hab. Miros\u0142aw Be\u0142ej, prof. UWM, Uniwersytet Warmi\u0144sko &#8211; Mazurski, Instytut Gospodarki Przestrzennej i Geografii, Wydzia\u0142 Geoin\u017cynierii, [&hellip;]<\/p>\n","protected":false},"author":5,"featured_media":0,"parent":0,"menu_order":2,"comment_status":"closed","ping_status":"closed","template":"","meta":{"footnotes":""},"class_list":["post-2198","page","type-page","status-publish","hentry"],"_links":{"self":[{"href":"https:\/\/katfin.ue.wroc.pl\/index.php\/wp-json\/wp\/v2\/pages\/2198","targetHints":{"allow":["GET"]}}],"collection":[{"href":"https:\/\/katfin.ue.wroc.pl\/index.php\/wp-json\/wp\/v2\/pages"}],"about":[{"href":"https:\/\/katfin.ue.wroc.pl\/index.php\/wp-json\/wp\/v2\/types\/page"}],"author":[{"embeddable":true,"href":"https:\/\/katfin.ue.wroc.pl\/index.php\/wp-json\/wp\/v2\/users\/5"}],"replies":[{"embeddable":true,"href":"https:\/\/katfin.ue.wroc.pl\/index.php\/wp-json\/wp\/v2\/comments?post=2198"}],"version-history":[{"count":11,"href":"https:\/\/katfin.ue.wroc.pl\/index.php\/wp-json\/wp\/v2\/pages\/2198\/revisions"}],"predecessor-version":[{"id":2482,"href":"https:\/\/katfin.ue.wroc.pl\/index.php\/wp-json\/wp\/v2\/pages\/2198\/revisions\/2482"}],"wp:attachment":[{"href":"https:\/\/katfin.ue.wroc.pl\/index.php\/wp-json\/wp\/v2\/media?parent=2198"}],"curies":[{"name":"wp","href":"https:\/\/api.w.org\/{rel}","templated":true}]}}