{"id":1900,"date":"2020-05-03T23:20:28","date_gmt":"2020-05-03T21:20:28","guid":{"rendered":"http:\/\/katfin.ue.wroc.pl\/?page_id=1900"},"modified":"2025-07-20T17:15:37","modified_gmt":"2025-07-20T15:15:37","slug":"errata","status":"publish","type":"page","link":"https:\/\/katfin.ue.wroc.pl\/index.php\/nauka\/podreczniki-skrypty-materialy-dydaktyczne\/2019-podstawy-rynku-finansowego-przyklady-i-zadania\/errata\/","title":{"rendered":"Errata"},"content":{"rendered":"\n<h2 class=\"wp-block-heading\">Rozdzia\u0142 2. Rynek obligacji<\/h2>\n\n\n\n<p><strong>Zadanie 1 wariant D (strona 40-41)<\/strong> &#8211; <strong>uzupe\u0142nienie<\/strong><\/p>\n\n\n\n<p>Uwaga! Zadanie zrobiono dla dat: 10.01.2016, 10.04.2016, 10.07.2016, 10.10.2016. Rok 2016 by\u0142 rokiem przest\u0119pnym.<\/p>\n\n\n\n<p>Je\u015bli rok nie b\u0119dzie przest\u0119pny, w\u00f3wczas tabela na stronie 31 b\u0119dzie wygl\u0105da\u0107 nast\u0119puj\u0105co (przyk\u0142ad dla roku 2017):<\/p>\n\n\n\n<p><img loading=\"lazy\" decoding=\"async\" width=\"400\" height=\"152\" class=\"wp-image-1902\" style=\"width: 400px;\" src=\"http:\/\/katfin.ue.wroc.pl\/wp-content\/uploads\/2020\/05\/Tabela_s41-wersja-2-1.jpg\" alt=\"Tabela str. 41 - wersja (2)\" srcset=\"https:\/\/katfin.ue.wroc.pl\/wp-content\/uploads\/2020\/05\/Tabela_s41-wersja-2-1.jpg 451w, https:\/\/katfin.ue.wroc.pl\/wp-content\/uploads\/2020\/05\/Tabela_s41-wersja-2-1-300x114.jpg 300w\" sizes=\"auto, (max-width: 400px) 100vw, 400px\" \/> <\/p>\n\n\n\n<p> <strong>Zadanie 15 wariant A (strona 81-82)<\/strong> &#8211; <strong>korekta<\/strong><\/p>\n\n\n\n<p>Na czerwono zaznaczono cz\u0119\u015bci, kt\u00f3re zosta\u0142y poprawione:<\/p>\n\n\n\n<p><img loading=\"lazy\" decoding=\"async\" width=\"550\" height=\"787\" class=\"wp-image-1905\" style=\"width: 550px;\" src=\"http:\/\/katfin.ue.wroc.pl\/wp-content\/uploads\/2020\/05\/Zadanie_15_warA1.jpg\" alt=\"Zadanie 15 wariant A - str. 81 i 82\" srcset=\"https:\/\/katfin.ue.wroc.pl\/wp-content\/uploads\/2020\/05\/Zadanie_15_warA1.jpg 642w, https:\/\/katfin.ue.wroc.pl\/wp-content\/uploads\/2020\/05\/Zadanie_15_warA1-210x300.jpg 210w\" sizes=\"auto, (max-width: 550px) 100vw, 550px\" \/><\/p>\n\n\n\n<figure class=\"wp-block-image size-large\"><img loading=\"lazy\" decoding=\"async\" width=\"656\" height=\"457\" src=\"http:\/\/katfin.ue.wroc.pl\/wp-content\/uploads\/2020\/05\/Zadanie_15_warA2-1.jpg\" alt=\"Zadanie 15 wariant A - str. 81 i 82\" class=\"wp-image-1908\" srcset=\"https:\/\/katfin.ue.wroc.pl\/wp-content\/uploads\/2020\/05\/Zadanie_15_warA2-1.jpg 656w, https:\/\/katfin.ue.wroc.pl\/wp-content\/uploads\/2020\/05\/Zadanie_15_warA2-1-300x209.jpg 300w\" sizes=\"auto, (max-width: 656px) 100vw, 656px\" \/><\/figure>\n\n\n\n<p class=\"has-large-font-size\">Liter\u00f3wki<\/p>\n\n\n\n<ul class=\"wp-block-list\">\n<li>strona 40 wiersz 2 od g\u00f3ry &#8211; niepotrzebny nawias zamykaj\u0105cy:<br \/>jest:<br \/>&#8222;<em>(&#8230;) jak w wariancie A). Je\u015bli od-(&#8230;)<\/em>&#8222;<br \/>powinno by\u0107:<br \/><em>&#8222;(&#8230;) jak w wariancie A. Je\u015bli od-(&#8230;)<\/em>&#8222;<br \/><\/li>\n\n\n\n<li> strona 55 wiersz 14 od g\u00f3ry &#8211; b\u0142\u0105d <br \/>jest:<br \/>&#8222;<em>Wz\u00f3r na stop\u0119 zwrotu bie\u017c\u0105c\u0105 jest nast\u0119puj\u0105cy:<\/em>&#8222;<br \/>powinno by\u0107:<br \/><em>&#8222;<\/em><em>Wz\u00f3r na stop\u0119 zwrotu prost\u0105 jest nast\u0119puj\u0105cy:<\/em>&#8222;<br \/><\/li>\n\n\n\n<li>strona 57 wiersz 7 od do\u0142u &#8211; b\u0142\u0105d <br \/>jest:<br \/>&#8222;(&#8230;) <em>\u015bci emitenta w okresie (&#8230;)<\/em>&#8222;<br \/>powinno by\u0107:<br \/><em>(&#8230;) <\/em><em>\u015bci inwestora w okresie (&#8230;)<\/em>&#8222;<\/li>\n\n\n\n<li>strona 169 wiersz 7 od g\u00f3ry &#8211; liter\u00f3wka <br \/>jest:<br \/>&#8222;(&#8230;) <em>traktach towarowych, w kt\u00f3rych istotny jest fizyczne posiadanie towaru (&#8230;)<\/em>&#8222;<br \/>powinno by\u0107:<br \/><em>(&#8230;) <\/em><em><\/em><em>traktach towarowych, w kt\u00f3rych istotne jest fizyczne posiadanie towaru<\/em> <em><\/em><em>(&#8230;)<\/em>&#8222;<br \/><\/li>\n<\/ul>\n","protected":false},"excerpt":{"rendered":"<p>Rozdzia\u0142 2. Rynek obligacji Zadanie 1 wariant D (strona 40-41) &#8211; uzupe\u0142nienie Uwaga! Zadanie zrobiono dla dat: 10.01.2016, 10.04.2016, 10.07.2016, 10.10.2016. Rok 2016 by\u0142 rokiem przest\u0119pnym. Je\u015bli rok nie b\u0119dzie przest\u0119pny, w\u00f3wczas tabela na stronie 31 b\u0119dzie wygl\u0105da\u0107 nast\u0119puj\u0105co (przyk\u0142ad dla roku 2017): Zadanie 15 wariant A (strona 81-82) &#8211; korekta Na czerwono zaznaczono cz\u0119\u015bci, [&hellip;]<\/p>\n","protected":false},"author":4,"featured_media":0,"parent":1792,"menu_order":2,"comment_status":"closed","ping_status":"closed","template":"","meta":{"footnotes":""},"class_list":["post-1900","page","type-page","status-publish","hentry"],"_links":{"self":[{"href":"https:\/\/katfin.ue.wroc.pl\/index.php\/wp-json\/wp\/v2\/pages\/1900","targetHints":{"allow":["GET"]}}],"collection":[{"href":"https:\/\/katfin.ue.wroc.pl\/index.php\/wp-json\/wp\/v2\/pages"}],"about":[{"href":"https:\/\/katfin.ue.wroc.pl\/index.php\/wp-json\/wp\/v2\/types\/page"}],"author":[{"embeddable":true,"href":"https:\/\/katfin.ue.wroc.pl\/index.php\/wp-json\/wp\/v2\/users\/4"}],"replies":[{"embeddable":true,"href":"https:\/\/katfin.ue.wroc.pl\/index.php\/wp-json\/wp\/v2\/comments?post=1900"}],"version-history":[{"count":7,"href":"https:\/\/katfin.ue.wroc.pl\/index.php\/wp-json\/wp\/v2\/pages\/1900\/revisions"}],"predecessor-version":[{"id":2450,"href":"https:\/\/katfin.ue.wroc.pl\/index.php\/wp-json\/wp\/v2\/pages\/1900\/revisions\/2450"}],"up":[{"embeddable":true,"href":"https:\/\/katfin.ue.wroc.pl\/index.php\/wp-json\/wp\/v2\/pages\/1792"}],"wp:attachment":[{"href":"https:\/\/katfin.ue.wroc.pl\/index.php\/wp-json\/wp\/v2\/media?parent=1900"}],"curies":[{"name":"wp","href":"https:\/\/api.w.org\/{rel}","templated":true}]}}