{"id":1805,"date":"2019-10-15T07:14:06","date_gmt":"2019-10-15T05:14:06","guid":{"rendered":"http:\/\/katfin.ue.wroc.pl\/?page_id=1805"},"modified":"2019-10-15T07:22:21","modified_gmt":"2019-10-15T05:22:21","slug":"program-konferencji","status":"publish","type":"page","link":"https:\/\/katfin.ue.wroc.pl\/index.php\/konferencje\/archiwum-konferencji\/konferencja-finanse-statystyka-badania-empiryczne-pazdziernik-2019\/program-konferencji\/","title":{"rendered":"Program konferencji"},"content":{"rendered":"\n<p>23 pa\u017adziernika 2019 r.<\/p>\n\n\n\n<p>Miejsce konferencji: budynek CKU, Uniwersytet Ekonomiczny we Wroc\u0142awiu, ul. Komandorska 118\/120<\/p>\n\n\n\n<p> 8.30 \u2013 13.00 &#8211; Rejestracja uczestnik\u00f3w (bud. CKU, parter) <\/p>\n\n\n\n<p><strong>9.15. &#8211; Uroczyste otwarcie konferencji<\/strong> (sala 27a CKU, parter) <\/p>\n\n\n\n<p><strong>9.30 \u2013 10.30 SESJA PLENARNA<\/strong> (sala 27a CKU) <\/p>\n\n\n\n<ul class=\"wp-block-list\"><li><strong>Dr hab. Filip Chybalski, Politechnika \u0141\u00f3dzka<\/strong>, Co r\u00f3\u017cnicuje aktywno\u015b\u0107 zawodow\u0105 os\u00f3b w wieku oko\u0142oemerytalnym? Mi\u0119dzynarodowe studium por\u00f3wnawcze.  <\/li><li><strong>Dr hab. Anna Zamojska, Uniwersytet Gda\u0144ski<\/strong>, Wykorzystanie &#8222;density forecasts&#8221; w prognozowaniu wybranych kategorii ekonomicznych na podstawie wynik\u00f3w Ankiety Makroekonomicznej NBP.  <\/li><li><strong>Dr hab. Katarzyna Perez, dr Ma\u0142gorzata Szczyt, Uniwersytet Ekonomiczny w Poznaniu<\/strong>, Klasyfikacja polskich funduszy inwestycyjnych z wykorzystaniem uczenia maszynowego.  <\/li><\/ul>\n\n\n\n<p>10.30 \u2013 11.00 przerwa kawowa<\/p>\n\n\n\n<p><strong> 11.00 \u2013 12.30 SESJE PANELOWE A, B<\/strong><\/p>\n\n\n\n<p>SESJA PANELOWA A &#8211; Rynek nieruchomo\u015bci, fundusze inwestycyjne (sala 103 CKU)<\/p>\n\n\n\n<ul class=\"wp-block-list\"><li><strong> Dr Dariusz Filip, Uniwersytet Kardyna\u0142a Stefana Wyszy\u0144skiego w Warszawi<\/strong>e, Sk\u0142ad komitetu inwestycyjnego a wyniki funduszy inwestycyjnych w Polsce. <\/li><li><strong>Dr Iwona Dittmann, Uniwersytet Ekonomiczny we Wroc\u0142awiu<\/strong>, Realna stopa zwrotu z polskich funduszy inwestycyjnych otwartych o niskim poziomie ryzyka. <\/li><li><strong>Dr Artur A. Trzebi\u0144ski Uniwersytet Ekonomiczny we Wroc\u0142awiu<\/strong>, Kto podejmuje wi\u0119ksze ryzyko \u2013 doradcy inwestycyjni czy posiadacze tytu\u0142u CFA? <\/li><li><strong>Dr Pawe\u0142 Pr\u0119dkiewicz, Uniwersytet Ekonomiczny we Wroc\u0142awiu<\/strong>, Efektywno\u015b\u0107 system\u00f3w zdrowia. <\/li><\/ul>\n\n\n\n<p>SESJA PANELOWA B &#8211; Rynek finansowy (sala 110 CKU)<\/p>\n\n\n\n<ul class=\"wp-block-list\"><li><strong>Dr Ma\u0142gorzata Szczyt, dr Przemys\u0142aw Garsztka, Uniwersytet Ekonomiczny w Poznaniu<\/strong>, Badanie stabilno\u015bci parametru beta dla sp\u00f3\u0142ek notowanych na GPW w Warszawie.<\/li><li><strong>Dr Ewa Cichowicz, Szko\u0142a G\u0142\u00f3wna Handlowa w Warszawie<\/strong>, Problemy pomiaru efektywno\u015bci dzia\u0142a\u0144 zwi\u0119kszaj\u0105cych \u015bwiadomo\u015b\u0107 i wiedz\u0119 finansow\u0105 \u2013 przyk\u0142ad Polski.<\/li><li><strong>Dr in\u017c. Stanis\u0142aw Urba\u0144ski, Akademia G\u00f3rniczo-Hutnicza w Krakowi<\/strong>e, Zastosowanie ICAPM do estymacji kosztu kapita\u0142u portfeli akcji notowanych na rynku polskim i wysoko rozwini\u0119tych rynkach zagranicznych.<\/li><li><strong>Mgr Milena Suliga, Akademia G\u00f3rniczo-Hutnicza w Krakowi<\/strong>e, Wp\u0142yw wygasania indeksowych i akcyjnych kontrakt\u00f3w futures na rynek kasowy Gie\u0142dy Papier\u00f3w Warto\u015bciowych w Warszawie &#8211; analiza danych o wysokiej cz\u0119stotliwo\u015bci.<\/li><li><strong>Mgr Paulina Koniarek, Uniwersytet Ekonomiczny w Katowicach<\/strong>, Zastosowanie gier niesko\u0144czonych w procesie sprzeda\u017cy akcji.<\/li><\/ul>\n\n\n\n<p>12.30 \u2013 13.30 LUNCH <\/p>\n\n\n\n<p><strong>13.30 \u2013 15.00 SESJE PANELOWE C, D<\/strong><\/p>\n\n\n\n<p>SESJA PANELOWA C &#8211; Finanse przedsi\u0119biorstw (sala 103 CKU)<\/p>\n\n\n\n<ul class=\"wp-block-list\"><li><strong>Dr Anna Bia\u0142ek-Jaworska, Uniwersytet Warszawski<\/strong>, Po\u017cyczki od jednostek powi\u0105zanych a wyg\u0142adzanie zysk\u00f3w \u2013 wyniki empiryczne z badania polskich przedsi\u0119biorstw prywatnych. <\/li><li><strong>Dr Jacek Barburski, Uniwersytet Ekonomiczny w Krakowie<\/strong>, Kszta\u0142towanie struktury finansowania przedsi\u0119biorstw w Polsce na tle przedsi\u0119biorstw innych kraj\u00f3w.<\/li><li><strong>Dr Dorota Wi\u015bniewska, dr Adrian Becella, dr Marcin Wi\u015bniewski, Uniwersytet Ekonomiczny w Poznaniu<\/strong>, Determinanty kredytu kupieckiego w Polsce w \u015bwietle wynik\u00f3w analizy danych panelowych. <\/li><li><strong>Mgr Mateusz Czerwi\u0144ski, Uniwersytet Szczeci\u0144ski<\/strong>, Leasing zwrotny na GPW: jeszcze zagadka czy ju\u017c pu\u0142apka? <\/li><li><strong>Mgr Bart\u0142omiej Lisicki, Uniwersytet Ekonomiczny w Katowicach<\/strong>, Odchylenia warto\u015bci wyniku finansowego od konsensusu a wycena rynkowa sp\u00f3\u0142ek gie\u0142dowych.<\/li><\/ul>\n\n\n\n<p>SESJA PANELOWA D &#8211; Finanse publiczne, sektor bankowy, rynek nieruchomo\u015bci (sala 110 CKU)<\/p>\n\n\n\n<ul class=\"wp-block-list\"><li><strong>Dr Joanna W\u0119grzyn, Uniwersytet Ekonomiczny w Krakowie<\/strong>, Czynniki powodzenia projekt\u00f3w partnerstwa publiczno-prywatnego. <\/li><li><strong>Dr Agnieszka Ma\u0142kowska, Uniwersytet Ekonomiczny w Krakowie<\/strong>, Wp\u0142yw cykl\u00f3w wyborczych na polityk\u0119 gmin w zakresie podatku od nieruchomo\u015bci. <\/li><li><strong>Mgr Marcelina S\u0142aba, PWSZ im. prof. S. Tarnowskiego w Tarnobrzeg<\/strong>u, Skuteczno\u015b\u0107 finans\u00f3w publicznych w aktywizacji os\u00f3b bezrobotnych w wojew\u00f3dztwie podkarpackim. <\/li><li><strong>Dr Ewa \u0141osiewicz-Dniestrza\u0144ska, Uniwersytet Ekonomiczny we Wroc\u0142awiu<\/strong>, Nadp\u0142ynno\u015b\u0107 sektora bankowego w Polsce. <\/li><li><strong>Dr hab. Magdalena Za\u0142\u0119czna, dr Konrad \u017belazowski, Uniwersytet \u0141\u00f3dzki<\/strong>, Skala i zr\u00f3\u017cnicowanie wydatk\u00f3w mieszkaniowych gospodarstw domowych w krajach UE w latach 2005-2017. <\/li><\/ul>\n\n\n\n<p>15.00 \u2013 15.30 przerwa kawowa <\/p>\n\n\n\n<p>15.30 \u2013 17.00 SESJA PANELOWA E &#8211; Pomiar, modelowanie (sala 103 CKU)<\/p>\n\n\n\n<ul class=\"wp-block-list\"><li><strong>Dr Konrad \u017belazowski, Uniwersytet \u0141\u00f3dzki<\/strong>, Konwergencja cen nieruchomo\u015bci mieszkaniowych na rynkach europejskich. <\/li><li><strong>Dr Agnieszka Huterska, Uniwersytet Miko\u0142aja Kopernika w Toruni<\/strong>u, Wp\u0142yw czynnik\u00f3w kosztowych na rozw\u00f3j sieci akceptacji p\u0142atno\u015bci bezgot\u00f3wkowych w Polsce. <\/li><li><strong>Dr Dariusz Por\u0119bski, Uniwersytet Ekonomiczny we Wroc\u0142awiu, dr Sebastian Tomczak, Politechnika Wroc\u0142awska<\/strong>, Big data i zastosowanie wska\u017anika rozwoju dla bran\u017c produkcyjnych. <\/li><li><strong>Dr Justyna Zabawa, Uniwersytet Ekonomiczny we Wroc\u0142awiu<\/strong>, Pomiar ekologicznego zaanga\u017cowania sektora bankowego z wykorzystaniem WAP oraz AHP. <\/li><li><strong>Mgr Agata Brz\u00f3ska, Uniwersytet Warszawski<\/strong>, Elastyczno\u015b\u0107 popytu na lokalny transport zbiorowy w polskich miastach <\/li><\/ul>\n","protected":false},"excerpt":{"rendered":"<p>23 pa\u017adziernika 2019 r. Miejsce konferencji: budynek CKU, Uniwersytet Ekonomiczny we Wroc\u0142awiu, ul. Komandorska 118\/120 8.30 \u2013 13.00 &#8211; Rejestracja uczestnik\u00f3w (bud. CKU, parter) 9.15. &#8211; Uroczyste otwarcie konferencji (sala 27a CKU, parter) 9.30 \u2013 10.30 SESJA PLENARNA (sala 27a CKU) Dr hab. Filip Chybalski, Politechnika \u0141\u00f3dzka, Co r\u00f3\u017cnicuje aktywno\u015b\u0107 zawodow\u0105 os\u00f3b w wieku oko\u0142oemerytalnym? [&hellip;]<\/p>\n","protected":false},"author":1,"featured_media":0,"parent":1713,"menu_order":1,"comment_status":"closed","ping_status":"closed","template":"","meta":{"footnotes":""},"class_list":["post-1805","page","type-page","status-publish","hentry"],"_links":{"self":[{"href":"https:\/\/katfin.ue.wroc.pl\/index.php\/wp-json\/wp\/v2\/pages\/1805","targetHints":{"allow":["GET"]}}],"collection":[{"href":"https:\/\/katfin.ue.wroc.pl\/index.php\/wp-json\/wp\/v2\/pages"}],"about":[{"href":"https:\/\/katfin.ue.wroc.pl\/index.php\/wp-json\/wp\/v2\/types\/page"}],"author":[{"embeddable":true,"href":"https:\/\/katfin.ue.wroc.pl\/index.php\/wp-json\/wp\/v2\/users\/1"}],"replies":[{"embeddable":true,"href":"https:\/\/katfin.ue.wroc.pl\/index.php\/wp-json\/wp\/v2\/comments?post=1805"}],"version-history":[{"count":5,"href":"https:\/\/katfin.ue.wroc.pl\/index.php\/wp-json\/wp\/v2\/pages\/1805\/revisions"}],"predecessor-version":[{"id":1814,"href":"https:\/\/katfin.ue.wroc.pl\/index.php\/wp-json\/wp\/v2\/pages\/1805\/revisions\/1814"}],"up":[{"embeddable":true,"href":"https:\/\/katfin.ue.wroc.pl\/index.php\/wp-json\/wp\/v2\/pages\/1713"}],"wp:attachment":[{"href":"https:\/\/katfin.ue.wroc.pl\/index.php\/wp-json\/wp\/v2\/media?parent=1805"}],"curies":[{"name":"wp","href":"https:\/\/api.w.org\/{rel}","templated":true}]}}