{"id":1702,"date":"2019-04-02T11:57:33","date_gmt":"2019-04-02T09:57:33","guid":{"rendered":"http:\/\/katfin.ue.wroc.pl\/?page_id=1702"},"modified":"2023-06-15T10:57:19","modified_gmt":"2023-06-15T08:57:19","slug":"xiii-konferencja-naukowa-relacje-fiskalne-panstwo-samorzad-terytorialny","status":"publish","type":"page","link":"https:\/\/katfin.ue.wroc.pl\/index.php\/konferencje\/archiwum-konferencji\/xiii-konferencja-naukowa-relacje-fiskalne-panstwo-samorzad-terytorialny\/","title":{"rendered":"XIII Konferencja Naukowa &#8222;Relacje fiskalne pa\u0144stwo \u2013 samorz\u0105d terytorialny&#8221;"},"content":{"rendered":"\n<p>Szanowni Pa\u0144stwo,<\/p>\n\n\n\n<p>Mam zaszczyt zaprosi\u0107 Pa\u0144stwa do uczestnictwa w 13. edycji Konferencji Naukowej \u201c<strong>Relacje fiskalne pa\u0144stwo \u2013 samorz\u0105d terytorialny<\/strong>\u201d organizowanej przez Katedr\u0119 Finans\u00f3w Uniwersytetu Ekonomicznego we Wroc\u0142awiu w dniach <strong>16-17. maja 2019 r.<\/strong><\/p>\n\n\n\n<p>Podstawowym celem Konferencji jest wymiana pogl\u0105d\u00f3w i prezentacja wynik\u00f3w bada\u0144 przedstawicieli krajowych i zagranicznych o\u015brodk\u00f3w naukowych zajmuj\u0105cych si\u0119 problematyk\u0105 finans\u00f3w samorz\u0105du terytorialnego.<\/p>\n\n\n\n<p>Wi\u0119cej informacji na stronie konferencji (<a href=\"http:\/\/relacjefiskalne.ue.wroc.pl\/\">LINK<\/a>)<\/p>\n\n\n\n<p>Serdecznie zapraszam do udzia\u0142u.<br \/><strong>prof. dr hab. Leszek Patrza\u0142ek<\/strong><\/p>\n","protected":false},"excerpt":{"rendered":"<p>Szanowni Pa\u0144stwo, Mam zaszczyt zaprosi\u0107 Pa\u0144stwa do uczestnictwa w 13. edycji Konferencji Naukowej \u201cRelacje fiskalne pa\u0144stwo \u2013 samorz\u0105d terytorialny\u201d organizowanej przez Katedr\u0119 Finans\u00f3w Uniwersytetu Ekonomicznego we Wroc\u0142awiu w dniach 16-17. maja 2019 r. Podstawowym celem Konferencji jest wymiana pogl\u0105d\u00f3w i prezentacja wynik\u00f3w bada\u0144 przedstawicieli krajowych i zagranicznych o\u015brodk\u00f3w naukowych zajmuj\u0105cych si\u0119 problematyk\u0105 finans\u00f3w samorz\u0105du terytorialnego. [&hellip;]<\/p>\n","protected":false},"author":1,"featured_media":0,"parent":699,"menu_order":2,"comment_status":"closed","ping_status":"closed","template":"","meta":{"footnotes":""},"class_list":["post-1702","page","type-page","status-publish","hentry"],"_links":{"self":[{"href":"https:\/\/katfin.ue.wroc.pl\/index.php\/wp-json\/wp\/v2\/pages\/1702","targetHints":{"allow":["GET"]}}],"collection":[{"href":"https:\/\/katfin.ue.wroc.pl\/index.php\/wp-json\/wp\/v2\/pages"}],"about":[{"href":"https:\/\/katfin.ue.wroc.pl\/index.php\/wp-json\/wp\/v2\/types\/page"}],"author":[{"embeddable":true,"href":"https:\/\/katfin.ue.wroc.pl\/index.php\/wp-json\/wp\/v2\/users\/1"}],"replies":[{"embeddable":true,"href":"https:\/\/katfin.ue.wroc.pl\/index.php\/wp-json\/wp\/v2\/comments?post=1702"}],"version-history":[{"count":1,"href":"https:\/\/katfin.ue.wroc.pl\/index.php\/wp-json\/wp\/v2\/pages\/1702\/revisions"}],"predecessor-version":[{"id":1703,"href":"https:\/\/katfin.ue.wroc.pl\/index.php\/wp-json\/wp\/v2\/pages\/1702\/revisions\/1703"}],"up":[{"embeddable":true,"href":"https:\/\/katfin.ue.wroc.pl\/index.php\/wp-json\/wp\/v2\/pages\/699"}],"wp:attachment":[{"href":"https:\/\/katfin.ue.wroc.pl\/index.php\/wp-json\/wp\/v2\/media?parent=1702"}],"curies":[{"name":"wp","href":"https:\/\/api.w.org\/{rel}","templated":true}]}}