{"id":1678,"date":"2019-03-27T12:22:27","date_gmt":"2019-03-27T11:22:27","guid":{"rendered":"http:\/\/katfin.ue.wroc.pl\/?page_id=1678"},"modified":"2023-06-15T10:56:01","modified_gmt":"2023-06-15T08:56:01","slug":"corporate-governance-financial-reporting-and-tax-systems-konferencja-23-24-05-2019","status":"publish","type":"page","link":"https:\/\/katfin.ue.wroc.pl\/index.php\/konferencje\/archiwum-konferencji\/corporate-governance-financial-reporting-and-tax-systems-konferencja-23-24-05-2019\/","title":{"rendered":"\u201eCorporate Governance, Financial Reporting and Tax Systems\u201d konferencja 23.-24.05.2019"},"content":{"rendered":"\n<p>W imieniu Katedry Finans\u00f3w Uniwersytetu Ekonomicznego we Wroc\u0142awiu oraz&nbsp;Virtus&nbsp;Global Center for Corporate Governance mamy zaszczyt zaprosi\u0107 Pa\u0144stwa na mi\u0119dzynarodow\u0105 konferencj\u0119 pt. \u201eCorporate Governance, Financial Reporting and Tax Systems\u201d, kt\u00f3ra odb\u0119dzie si\u0119 w dniach 23-24 maja 2019 r. na Uniwersytecie Ekonomicznym we Wroc\u0142awiu.<\/p>\n\n\n\n<p>Szczeg\u00f3\u0142owe informacje i rejestracja (w j\u0119zyku angielskim) znajduj\u0105 si\u0119 na stronie internetowej Konferencji:<\/p>\n\n\n\n<p><a rel=\"noreferrer noopener\" href=\"https:\/\/www.virtusgccg.org\/-international-conference-in-wroclaw-may-23-24-2019-.html\" target=\"_blank\">https:\/\/www.virtusgccg.org\/-international-conference-in-wroclaw-may-23-24-2019-.html<\/a><\/p>\n\n\n\n<p>Termin z\u0142o\u017cenia rozszerzonego abstraktu (200-500 s\u0142\u00f3w) lub pe\u0142nego artyku\u0142u (do 5 000 s\u0142\u00f3w) &nbsp;up\u0142ywa 15 kwietnia 2019 roku. Organizatorzy poinformuj\u0105 o akceptacji z\u0142o\u017conych abstrakt\u00f3w\/artyku\u0142\u00f3w do 25 kwietnia 2019 r.<\/p>\n\n\n\n<p>Serdecznie zapraszamy!<\/p>\n\n\n\n<div class=\"wp-block-file\"><a id=\"wp-block-file--media-4454c50c-0f82-495b-803e-8f62fcf0d83b\" href=\"http:\/\/katfin.ue.wroc.pl\/wp-content\/uploads\/2019\/03\/Opis-Konferencji-Wroc\u0142aw_2019.pdf\">Opis Konferencji Wroc\u0142aw_2019<\/a><a href=\"http:\/\/katfin.ue.wroc.pl\/wp-content\/uploads\/2019\/03\/Opis-Konferencji-Wroc\u0142aw_2019.pdf\" class=\"wp-block-file__button\" download aria-describedby=\"wp-block-file--media-4454c50c-0f82-495b-803e-8f62fcf0d83b\">Pobierz<\/a><\/div>\n\n\n\n<div class=\"wp-block-file\"><a id=\"wp-block-file--media-c81a8609-0abf-4f51-911c-9ef7aa6ccb87\" href=\"http:\/\/katfin.ue.wroc.pl\/wp-content\/uploads\/2019\/03\/call_for_papers_wroclaw_2019-1.pdf\">call_for_papers_wroclaw_2019-1<\/a><a href=\"http:\/\/katfin.ue.wroc.pl\/wp-content\/uploads\/2019\/03\/call_for_papers_wroclaw_2019-1.pdf\" class=\"wp-block-file__button\" download aria-describedby=\"wp-block-file--media-c81a8609-0abf-4f51-911c-9ef7aa6ccb87\">Pobierz<\/a><\/div>\n","protected":false},"excerpt":{"rendered":"<p>W imieniu Katedry Finans\u00f3w Uniwersytetu Ekonomicznego we Wroc\u0142awiu oraz&nbsp;Virtus&nbsp;Global Center for Corporate Governance mamy zaszczyt zaprosi\u0107 Pa\u0144stwa na mi\u0119dzynarodow\u0105 konferencj\u0119 pt. \u201eCorporate Governance, Financial Reporting and Tax Systems\u201d, kt\u00f3ra odb\u0119dzie si\u0119 w dniach 23-24 maja 2019 r. na Uniwersytecie Ekonomicznym we Wroc\u0142awiu. Szczeg\u00f3\u0142owe informacje i rejestracja (w j\u0119zyku angielskim) znajduj\u0105 si\u0119 na stronie internetowej Konferencji: [&hellip;]<\/p>\n","protected":false},"author":1,"featured_media":0,"parent":699,"menu_order":1,"comment_status":"closed","ping_status":"closed","template":"","meta":{"footnotes":""},"class_list":["post-1678","page","type-page","status-publish","hentry"],"_links":{"self":[{"href":"https:\/\/katfin.ue.wroc.pl\/index.php\/wp-json\/wp\/v2\/pages\/1678","targetHints":{"allow":["GET"]}}],"collection":[{"href":"https:\/\/katfin.ue.wroc.pl\/index.php\/wp-json\/wp\/v2\/pages"}],"about":[{"href":"https:\/\/katfin.ue.wroc.pl\/index.php\/wp-json\/wp\/v2\/types\/page"}],"author":[{"embeddable":true,"href":"https:\/\/katfin.ue.wroc.pl\/index.php\/wp-json\/wp\/v2\/users\/1"}],"replies":[{"embeddable":true,"href":"https:\/\/katfin.ue.wroc.pl\/index.php\/wp-json\/wp\/v2\/comments?post=1678"}],"version-history":[{"count":8,"href":"https:\/\/katfin.ue.wroc.pl\/index.php\/wp-json\/wp\/v2\/pages\/1678\/revisions"}],"predecessor-version":[{"id":2196,"href":"https:\/\/katfin.ue.wroc.pl\/index.php\/wp-json\/wp\/v2\/pages\/1678\/revisions\/2196"}],"up":[{"embeddable":true,"href":"https:\/\/katfin.ue.wroc.pl\/index.php\/wp-json\/wp\/v2\/pages\/699"}],"wp:attachment":[{"href":"https:\/\/katfin.ue.wroc.pl\/index.php\/wp-json\/wp\/v2\/media?parent=1678"}],"curies":[{"name":"wp","href":"https:\/\/api.w.org\/{rel}","templated":true}]}}