{"id":1606,"date":"2019-01-15T18:04:24","date_gmt":"2019-01-15T17:04:24","guid":{"rendered":"http:\/\/katfin.ue.wroc.pl\/?page_id=1606"},"modified":"2019-01-15T18:14:26","modified_gmt":"2019-01-15T17:14:26","slug":"2015-kociemska-hanna-partnerstwo-publiczno-prywatne-w-ujeciu-heterodoksyjnym","status":"publish","type":"page","link":"https:\/\/katfin.ue.wroc.pl\/index.php\/nauka\/nasze-ksiazki\/2015-kociemska-hanna-partnerstwo-publiczno-prywatne-w-ujeciu-heterodoksyjnym\/","title":{"rendered":"2017 &#8211; Kociemska Hanna &#8211; Partnerstwo publiczno &#8211; prywatne w uj\u0119ciu heterodoksyjnym"},"content":{"rendered":"<p><strong>Tytu\u0142:<\/strong> Partnerstwo publiczno &#8211; prywatne w uj\u0119ciu heterodoksyjnym<\/p>\n<p><strong>Autor:<\/strong>\u00a0Hanna Kociemska<\/p>\n<p><strong>Data publikacji<\/strong>: 2017<\/p>\n<p><strong>Wydawnictwo:<\/strong> Wydawnictwo Uniwersytetu Ekonomicznego we Wroc\u0142awiu<\/p>\n<p><strong>Streszczenie:<\/strong><\/p>\n<p>Ksi\u0105\u017cka porusza zagadnienia zwi\u0105zane z partnerstwem publiczno-prywatnym\u00a0 osadzonym w teorii konwencjonalnych finans\u00f3w publicznych i finans\u00f3w islamskich. Prezentuje wsp\u00f3\u0142zale\u017cno\u015bci obu system\u00f3w, prowadz\u0105ce do ewolucji istniej\u0105cych za\u0142o\u017ce\u0144 nauki o finansach publicznych i zarz\u0105dzania ryzykiem w projektach infrastrukturalnych realizowanych w formule PPP. Praca ma charakter teoretyczny z uzupe\u0142niaj\u0105cymi w\u0105tkami empirycznymi, a podstawowy dyskurs prowadzony jest w perspektywie makroekonomicznej finans\u00f3w publicznych. Intencj\u0105 autorki by\u0142o zestawienie cech teoretycznych system\u00f3w finans\u00f3w publicznych oraz finans\u00f3w islamskich w celu stworzenia p\u0142aszczyzny konsensusu inwestor\u00f3w prywatnych i publicznych, przede wszystkim gospodaruj\u0105cych w krajach wschodz\u0105cych, rozwijaj\u0105cych si\u0119 regionu Afryki Subsaharyjskiej, gdzie cz\u0119sto brakuje stabilnego porz\u0105dku polityczno-spo\u0142eczno-gospodarczego. Upowszechnienie uj\u0119cia heterodoksyjnego PPP mo\u017ce okaza\u0107 si\u0119 ma\u0142ym krokiem do poprawy sytuacji tego regionu oraz platform\u0105 zbli\u017cenia we wsp\u00f3\u0142pracy inwestor\u00f3w konwencjonalnych, w tym podmiot\u00f3w publicznych, i inwestor\u00f3w islamskich w zmieniaj\u0105cych si\u0119 uwarunkowaniach gospodarczych na \u015bwiecie.<\/p>\n<p><a href=\"http:\/\/www.ksiegarnia.ue.wroc.pl\/p\/_\/\/02\/0247\/024778\/spis_wstep.pdf\" target=\"_blank\" rel=\"noopener\">Link do spisu tre\u015bci i wst\u0119pu<\/a><\/p>\n<p><img loading=\"lazy\" decoding=\"async\" class=\"aligncenter size-medium wp-image-1609\" src=\"http:\/\/katfin.ue.wroc.pl\/wp-content\/uploads\/2019\/01\/kociemska_okladka_internet.large_-211x300.jpg\" alt=\"\" width=\"211\" height=\"300\" srcset=\"https:\/\/katfin.ue.wroc.pl\/wp-content\/uploads\/2019\/01\/kociemska_okladka_internet.large_-211x300.jpg 211w, https:\/\/katfin.ue.wroc.pl\/wp-content\/uploads\/2019\/01\/kociemska_okladka_internet.large_.jpg 255w\" sizes=\"auto, (max-width: 211px) 100vw, 211px\" \/><\/p>\n","protected":false},"excerpt":{"rendered":"<p>Tytu\u0142: Partnerstwo publiczno &#8211; prywatne w uj\u0119ciu heterodoksyjnym Autor:\u00a0Hanna Kociemska Data publikacji: 2017 Wydawnictwo: Wydawnictwo Uniwersytetu Ekonomicznego we Wroc\u0142awiu Streszczenie: Ksi\u0105\u017cka porusza zagadnienia zwi\u0105zane z partnerstwem publiczno-prywatnym\u00a0 osadzonym w teorii konwencjonalnych finans\u00f3w publicznych i finans\u00f3w islamskich. Prezentuje wsp\u00f3\u0142zale\u017cno\u015bci obu system\u00f3w, prowadz\u0105ce do ewolucji istniej\u0105cych za\u0142o\u017ce\u0144 nauki o finansach publicznych i zarz\u0105dzania ryzykiem w projektach infrastrukturalnych [&hellip;]<\/p>\n","protected":false},"author":1,"featured_media":0,"parent":1602,"menu_order":0,"comment_status":"closed","ping_status":"closed","template":"","meta":{"footnotes":""},"class_list":["post-1606","page","type-page","status-publish","hentry"],"_links":{"self":[{"href":"https:\/\/katfin.ue.wroc.pl\/index.php\/wp-json\/wp\/v2\/pages\/1606","targetHints":{"allow":["GET"]}}],"collection":[{"href":"https:\/\/katfin.ue.wroc.pl\/index.php\/wp-json\/wp\/v2\/pages"}],"about":[{"href":"https:\/\/katfin.ue.wroc.pl\/index.php\/wp-json\/wp\/v2\/types\/page"}],"author":[{"embeddable":true,"href":"https:\/\/katfin.ue.wroc.pl\/index.php\/wp-json\/wp\/v2\/users\/1"}],"replies":[{"embeddable":true,"href":"https:\/\/katfin.ue.wroc.pl\/index.php\/wp-json\/wp\/v2\/comments?post=1606"}],"version-history":[{"count":4,"href":"https:\/\/katfin.ue.wroc.pl\/index.php\/wp-json\/wp\/v2\/pages\/1606\/revisions"}],"predecessor-version":[{"id":1618,"href":"https:\/\/katfin.ue.wroc.pl\/index.php\/wp-json\/wp\/v2\/pages\/1606\/revisions\/1618"}],"up":[{"embeddable":true,"href":"https:\/\/katfin.ue.wroc.pl\/index.php\/wp-json\/wp\/v2\/pages\/1602"}],"wp:attachment":[{"href":"https:\/\/katfin.ue.wroc.pl\/index.php\/wp-json\/wp\/v2\/media?parent=1606"}],"curies":[{"name":"wp","href":"https:\/\/api.w.org\/{rel}","templated":true}]}}