{"id":1470,"date":"2018-10-01T10:24:16","date_gmt":"2018-10-01T08:24:16","guid":{"rendered":"http:\/\/katfin.ue.wroc.pl\/?page_id=1470"},"modified":"2018-10-01T10:31:18","modified_gmt":"2018-10-01T08:31:18","slug":"dla-studentow","status":"publish","type":"page","link":"https:\/\/katfin.ue.wroc.pl\/index.php\/dla-studentow\/","title":{"rendered":"Dla student\u00f3w"},"content":{"rendered":"<p>Poni\u017cej zebrali\u015bmy materia\u0142y przydatne dla naszych student\u00f3w<\/p>\n<ul>\n<li><a href=\"http:\/\/katfin.ue.wroc.pl\/index.php\/kola-naukowe\/\">ko\u0142a naukowe &#8211; oferta k\u00f3\u0142 naukowych dzia\u0142aj\u0105cych przy Katedrze Finans\u00f3w<\/a><\/li>\n<li>&#8222;<a href=\"http:\/\/katfin.ue.wroc.pl\/index.php\/dla-studentow\/debiuty-studenckie-finanse\/\">Debiuty Studenckie &#8211; FINANSE<\/a>&#8221; &#8211; informacje o mo\u017cliwo\u015bci publikowania artyku\u0142\u00f3w naukowych przez student\u00f3w<\/li>\n<li><a href=\"http:\/\/katfin.ue.wroc.pl\/index.php\/dla-studentow\/podpowiedzi\/\">podpowiedzi <\/a>&#8211; zestawienie r\u00f3\u017cnych ciekawych informacji przekazywanych w ramach aktualno\u015bci, kt\u00f3rych warto\u015b\u0107 jest ponadczasowa ;-)<\/li>\n<\/ul>\n","protected":false},"excerpt":{"rendered":"<p>Poni\u017cej zebrali\u015bmy materia\u0142y przydatne dla naszych student\u00f3w ko\u0142a naukowe &#8211; oferta k\u00f3\u0142 naukowych dzia\u0142aj\u0105cych przy Katedrze Finans\u00f3w &#8222;Debiuty Studenckie &#8211; FINANSE&#8221; &#8211; informacje o mo\u017cliwo\u015bci publikowania artyku\u0142\u00f3w naukowych przez student\u00f3w podpowiedzi &#8211; zestawienie r\u00f3\u017cnych ciekawych informacji przekazywanych w ramach aktualno\u015bci, kt\u00f3rych warto\u015b\u0107 jest ponadczasowa ;-)<\/p>\n","protected":false},"author":1,"featured_media":0,"parent":0,"menu_order":6,"comment_status":"closed","ping_status":"closed","template":"","meta":{"footnotes":""},"class_list":["post-1470","page","type-page","status-publish","hentry"],"_links":{"self":[{"href":"https:\/\/katfin.ue.wroc.pl\/index.php\/wp-json\/wp\/v2\/pages\/1470","targetHints":{"allow":["GET"]}}],"collection":[{"href":"https:\/\/katfin.ue.wroc.pl\/index.php\/wp-json\/wp\/v2\/pages"}],"about":[{"href":"https:\/\/katfin.ue.wroc.pl\/index.php\/wp-json\/wp\/v2\/types\/page"}],"author":[{"embeddable":true,"href":"https:\/\/katfin.ue.wroc.pl\/index.php\/wp-json\/wp\/v2\/users\/1"}],"replies":[{"embeddable":true,"href":"https:\/\/katfin.ue.wroc.pl\/index.php\/wp-json\/wp\/v2\/comments?post=1470"}],"version-history":[{"count":3,"href":"https:\/\/katfin.ue.wroc.pl\/index.php\/wp-json\/wp\/v2\/pages\/1470\/revisions"}],"predecessor-version":[{"id":1479,"href":"https:\/\/katfin.ue.wroc.pl\/index.php\/wp-json\/wp\/v2\/pages\/1470\/revisions\/1479"}],"wp:attachment":[{"href":"https:\/\/katfin.ue.wroc.pl\/index.php\/wp-json\/wp\/v2\/media?parent=1470"}],"curies":[{"name":"wp","href":"https:\/\/api.w.org\/{rel}","templated":true}]}}